{"id":1245,"date":"2014-02-27T14:26:30","date_gmt":"2014-02-27T14:26:30","guid":{"rendered":"http:\/\/www.zegevege.com\/?page_id=1245"},"modified":"2026-04-21T12:34:27","modified_gmt":"2026-04-21T12:34:27","slug":"izvodaci-2013","status":"publish","type":"page","link":"https:\/\/www.zegevege.com\/?page_id=1245","title":{"rendered":"Izvo\u0111a\u010di 2013"},"content":{"rendered":"<p><!--:en--><\/p>\n<ul>\n<li>Klub Dobre Vibracije<\/li>\n<li>Kand\u017eija<\/li>\n<li>Kristijan i Ana<\/li>\n<li>Kill In Manjaro<\/li>\n<li>Bojan Jambro\u0161i\u0107<\/li>\n<li>Megablast<\/li>\n<li>Plesna skupina Bal\u010din<\/li>\n<li>Dje\u010dji zbor udruge Ljubav na djelu<\/li>\n<li>K&#8217;erd<\/li>\n<li>Filip Fantoni<\/li>\n<li>Back To Swing<\/li>\n<li>Dino Jelusi\u0107<\/li>\n<li>Udruga Triko<\/li>\n<li>Radio Luksemburg<\/li>\n<li>Plesni klub Scorpio<\/li>\n<li>United Colors of Tartan<\/li>\n<li>Baby Blue<\/li>\n<li>Picksiebner<\/li>\n<li>Auguste<\/li>\n<li>Band Kom3dija<\/li>\n<li>Juraj Jurlina &amp; Off Duty<\/li>\n<li>Carla Belovari<\/li>\n<li>\u0160kola orijentalnog trbu\u0161nog plesa Zuzana<\/li>\n<li>Nexus<\/li>\n<li>Zumba Fitness s Jelenom Dikli\u0107<\/li>\n<li>Orijentalni ples Sheherezade<\/li>\n<li>Atomic Dance Factory<\/li>\n<li>IFEEL<\/li>\n<li>Teen grupa Genijalci<\/li>\n<li>Dje\u010dji zbor Kiki\u0107i<\/li>\n<li>Seven Mouldy Figs<\/li>\n<\/ul>\n<p><!--:--><!--:hr--><\/p>\n<ul>\n<li>Klub Dobre Vibracije<\/li>\n<li>Kand\u017eija<\/li>\n<li>Kristijan i Ana<\/li>\n<li>Kill In Manjaro<\/li>\n<li>Bojan Jambro\u0161i\u0107<\/li>\n<li>Megablast<\/li>\n<li>Plesna skupina Bal\u010din<\/li>\n<li>Dje\u010dji zbor udruge Ljubav na djelu<\/li>\n<li>K&#8217;erd<\/li>\n<li>Filip Fantoni<\/li>\n<li>Back To Swing<\/li>\n<li>Dino Jelusi\u0107<\/li>\n<li>Udruga Triko<\/li>\n<li>Radio Luksemburg<\/li>\n<li>Plesni klub Scorpio<\/li>\n<li>United Colors of Tartan<\/li>\n<li>Baby Blue<\/li>\n<li>Picksiebner<\/li>\n<li>Auguste<\/li>\n<li>Band Kom3dija<\/li>\n<li>Juraj Jurlina &amp; Off Duty<\/li>\n<li>Carla Belovari<\/li>\n<li>\u0160kola orijentalnog trbu\u0161nog plesa Zuzana<\/li>\n<li>Nexus<\/li>\n<li>Zumba Fitness s Jelenom Dikli\u0107<\/li>\n<li>Orijentalni ples Sheherezade<\/li>\n<li>Atomic Dance Factory<\/li>\n<li>IFEEL<\/li>\n<li>Teen grupa Genijalci<\/li>\n<li>Dje\u010dji zbor Kiki\u0107i<\/li>\n<li>Seven Mouldy Figs<\/li>\n<\/ul>\n<p><!--:--><\/p>\n","protected":false},"excerpt":{"rendered":"<p>Klub Dobre Vibracije Kand\u017eija Kristijan i Ana Kill In Manjaro Bojan Jambro\u0161i\u0107 Megablast Plesna skupina Bal\u010din Dje\u010dji zbor udruge Ljubav [&hellip;]<\/p>\n","protected":false},"author":1,"featured_media":0,"parent":0,"menu_order":0,"comment_status":"closed","ping_status":"closed","template":"","meta":{"site-sidebar-layout":"default","site-content-layout":"","ast-site-content-layout":"default","site-content-style":"default","site-sidebar-style":"default","ast-global-header-display":"","ast-banner-title-visibility":"","ast-main-header-display":"","ast-hfb-above-header-display":"","ast-hfb-below-header-display":"","ast-hfb-mobile-header-display":"","site-post-title":"","ast-breadcrumbs-content":"","ast-featured-img":"","footer-sml-layout":"","ast-disable-related-posts":"","theme-transparent-header-meta":"","adv-header-id-meta":"","stick-header-meta":"","header-above-stick-meta":"","header-main-stick-meta":"","header-below-stick-meta":"","astra-migrate-meta-layouts":"default","ast-page-background-enabled":"default","ast-page-background-meta":{"desktop":{"background-color":"var(--ast-global-color-5)","background-image":"","background-repeat":"repeat","background-position":"center center","background-size":"auto","background-attachment":"scroll","background-type":"","background-media":"","overlay-type":"","overlay-color":"","overlay-opacity":"","overlay-gradient":""},"tablet":{"background-color":"","background-image":"","background-repeat":"repeat","background-position":"center center","background-size":"auto","background-attachment":"scroll","background-type":"","background-media":"","overlay-type":"","overlay-color":"","overlay-opacity":"","overlay-gradient":""},"mobile":{"background-color":"","background-image":"","background-repeat":"repeat","background-position":"center center","background-size":"auto","background-attachment":"scroll","background-type":"","background-media":"","overlay-type":"","overlay-color":"","overlay-opacity":"","overlay-gradient":""}},"ast-content-background-meta":{"desktop":{"background-color":"var(--ast-global-color-4)","background-image":"","background-repeat":"repeat","background-position":"center center","background-size":"auto","background-attachment":"scroll","background-type":"","background-media":"","overlay-type":"","overlay-color":"","overlay-opacity":"","overlay-gradient":""},"tablet":{"background-color":"var(--ast-global-color-4)","background-image":"","background-repeat":"repeat","background-position":"center center","background-size":"auto","background-attachment":"scroll","background-type":"","background-media":"","overlay-type":"","overlay-color":"","overlay-opacity":"","overlay-gradient":""},"mobile":{"background-color":"var(--ast-global-color-4)","background-image":"","background-repeat":"repeat","background-position":"center center","background-size":"auto","background-attachment":"scroll","background-type":"","background-media":"","overlay-type":"","overlay-color":"","overlay-opacity":"","overlay-gradient":""}},"footnotes":""},"class_list":["post-1245","page","type-page","status-publish","hentry"],"_links":{"self":[{"href":"https:\/\/www.zegevege.com\/index.php?rest_route=\/wp\/v2\/pages\/1245","targetHints":{"allow":["GET"]}}],"collection":[{"href":"https:\/\/www.zegevege.com\/index.php?rest_route=\/wp\/v2\/pages"}],"about":[{"href":"https:\/\/www.zegevege.com\/index.php?rest_route=\/wp\/v2\/types\/page"}],"author":[{"embeddable":true,"href":"https:\/\/www.zegevege.com\/index.php?rest_route=\/wp\/v2\/users\/1"}],"replies":[{"embeddable":true,"href":"https:\/\/www.zegevege.com\/index.php?rest_route=%2Fwp%2Fv2%2Fcomments&post=1245"}],"version-history":[{"count":2,"href":"https:\/\/www.zegevege.com\/index.php?rest_route=\/wp\/v2\/pages\/1245\/revisions"}],"predecessor-version":[{"id":4857,"href":"https:\/\/www.zegevege.com\/index.php?rest_route=\/wp\/v2\/pages\/1245\/revisions\/4857"}],"wp:attachment":[{"href":"https:\/\/www.zegevege.com\/index.php?rest_route=%2Fwp%2Fv2%2Fmedia&parent=1245"}],"curies":[{"name":"wp","href":"https:\/\/api.w.org\/{rel}","templated":true}]}}