{"id":3249,"date":"2016-09-21T14:21:32","date_gmt":"2016-09-21T14:21:32","guid":{"rendered":"http:\/\/www.zegevege.com\/?page_id=3249"},"modified":"2026-04-21T13:17:16","modified_gmt":"2026-04-21T13:17:16","slug":"program-2016","status":"publish","type":"page","link":"https:\/\/www.zegevege.com\/?page_id=3249","title":{"rendered":"Program 2016."},"content":{"rendered":"<p><!--:hr--><br \/>\n[frame_center src=&#8221;http:\/\/www.zegevege.com\/wp-content\/uploads\/2014\/07\/Performers.jpg&#8221; href=&#8221;&#8221;]Izvo\u0111a\u010di[\/frame_center]<br \/>\n[accordion title=&#8221;02.09. Petak&#8221; close=&#8221;1&#8243;]<br \/>\n09:00 Otvaranje festivala<br \/>\n13:00 Predstavljanje bio&amp;bio veganskih proizvoda<br \/>\n14:00 Predstavljanje Encian veganskih proizvoda<br \/>\n15:00 Predstavljanje bio&amp;bio veganskih proizvoda<br \/>\n16:40 IFEEL<br \/>\n17:20 Juraj Jurlina acoustic<br \/>\n18:00 U pol&#8217; 9 kod Sabe<br \/>\n18:40 Antonio Baji\u0107<br \/>\n19:20 Detour<br \/>\n19:50 Lorena Jelusi\u0107 &amp; Dino Puri\u0107 (The Voice)<br \/>\n20:30 Kim Verson<br \/>\n[\/accordion]<\/p>\n<p>[accordion title=&#8221;03.09. Subota&#8221; close=&#8221;1&#8243;]<br \/>\n09:30 Vedran Petrak\/Gong<br \/>\n10:30 Back to Swing<br \/>\n11:00 Mofit<br \/>\n12:10 Kiki\u0107i &amp; Genijalci<br \/>\n13:10 Predstavljanje bio&amp;bio veganskih proizvoda<br \/>\n15:00 Intervju s Helmutom Fenzlom &amp; Predstavljanje Spar veganskih proizvoda<br \/>\n15:55 Zumba fitness \u2013 Flash mob<br \/>\n16:00 Zumba Fitness by Jelena Dikli\u0107<br \/>\n17:00 Back to Swing<br \/>\n18:00 Atomic Dance Factory<br \/>\n18:25 TransForm Crew<br \/>\n18:55 School of Street Styles<br \/>\n[\/accordion]<\/p>\n<p>[frame_center src=&#8221;http:\/\/www.zegevege.com\/wp-content\/uploads\/2014\/08\/Woorshop.jpg&#8221; href=&#8221;&#8221;]Predavanja i radionice[\/frame_center]<br \/>\n[accordion title=&#8221;02.09. Petak&#8221; close=&#8221;1&#8243;]<br \/>\n09:00 Videoprojekcija &#8216;\u2019Bomba otkucava&#8217;\u2019<br \/>\n10:00 Nikolina Plenar \u2013 Pala\u010dinke bez jaja*<br \/>\n11:00 mag. nutr. Ivana \u0160imi\u0107 \u2013 Biljna prehrana u trudno\u0107i<br \/>\n12:00 Vesna Sirovina (Melli Aromatica) \u2013 Prirodna maska za lice i piling za tijelo*<br \/>\n13:00 Vladimira Vlatka Frketi\u0107 (Makronova) \u2013 Lagana jela od bezglutenskih \u017eitarica*<br \/>\n14:00 Tatjana Zajec \u2013 Od napu\u0161tenih pasa do veganstva i alpinizma<br \/>\n15:00 Jelena Toma\u0161evi\u0107 \u2013 Zeleni sokovi i superhrana kao zdrav obrok za sve*<br \/>\n16:00 Sne\u017eana Milovanovi\u0107 (Sloboda za \u017eivotinje) \u2013 Veganstvo u Srbiji i BeGeVege pokret<br \/>\n17:00 Gordana Dragi\u010devi\u0107 (Parkticipacija &amp; Hrvatska permakultura) \u2013 Permakultura \u2013 put u odr\u017eivo dru\u0161tvo<br \/>\n18:00 Kolektiv Sjemen\u010dice \u2013 Recikla\u017ena <em>ku\u017eina<\/em>*<br \/>\n19:00 Ivana Rukavina i Mislav Skrepnik \u2013 Snaga bilja<br \/>\n20:00 Ksenija V. Kutla\u010di\u0107 \u2013 Uto\u010di\u0161te Koki \u2013 \u017divotinje iz druge perspektive<\/p>\n<p>* radionica<br \/>\n[\/accordion]<br \/>\n[accordion title=&#8221;03.09. Subota&#8221; close=&#8221;1&#8243;]<br \/>\n09:00 Videoprojekcija &#8221;Meso istine&#8221;<br \/>\n10:00 Anita Euschen \u2013 Spremi klopu: Pope\u010dci od tikvica, kukuruza i metvice*<br \/>\n11:00 dr. sc. Lada \u010cale Feldman \u2013 Palunkova ve\u010dera: o veganizmu, feminizmu i knji\u017eevnoj ekokritici<br \/>\n12:00 Mihaela Devescovi \u2013 Zdrave sirove slastice*<br \/>\n13:00 Tamara Dabi\u0107 (Makronova) \u2013 Makrobioti\u010dka na\u010dela u veganstvu<br \/>\n14:00 Irena Mik\u0161i\u0107 \u2013 Sejtan: ukusna zamjena za meso*<br \/>\n15:00 Marina Milkovi\u0107 \u2013 Za\u0161to je veganstvo (i) feministi\u010dko pitanje<br \/>\n16:00 Irina Jurinac (Zdravljak) \u2013 Vege tapas \u2013 ljubav na prvi zalogaj*<br \/>\n17:00 Vedran Romac \u2013 Ekolo\u0161ka cijena mesa<br \/>\n18:00 Udruga Pobjede \u2013 Volontiranje. Aktivizam. Solidarnost. Nenasilje.<\/p>\n<p>* radionica<br \/>\n[\/accordion]<\/p>\n","protected":false},"excerpt":{"rendered":"<p>[frame_center src=&#8221;http:\/\/www.zegevege.com\/wp-content\/uploads\/2014\/07\/Performers.jpg&#8221; href=&#8221;&#8221;]Izvo\u0111a\u010di[\/frame_center] [accordion title=&#8221;02.09. Petak&#8221; close=&#8221;1&#8243;] 09:00 Otvaranje festivala 13:00 Predstavljanje bio&amp;bio veganskih proizvoda 14:00 Predstavljanje Encian veganskih proizvoda [&hellip;]<\/p>\n","protected":false},"author":1,"featured_media":0,"parent":0,"menu_order":0,"comment_status":"closed","ping_status":"closed","template":"","meta":{"site-sidebar-layout":"default","site-content-layout":"","ast-site-content-layout":"default","site-content-style":"default","site-sidebar-style":"default","ast-global-header-display":"","ast-banner-title-visibility":"","ast-main-header-display":"","ast-hfb-above-header-display":"","ast-hfb-below-header-display":"","ast-hfb-mobile-header-display":"","site-post-title":"","ast-breadcrumbs-content":"","ast-featured-img":"","footer-sml-layout":"","ast-disable-related-posts":"","theme-transparent-header-meta":"","adv-header-id-meta":"","stick-header-meta":"","header-above-stick-meta":"","header-main-stick-meta":"","header-below-stick-meta":"","astra-migrate-meta-layouts":"default","ast-page-background-enabled":"default","ast-page-background-meta":{"desktop":{"background-color":"var(--ast-global-color-5)","background-image":"","background-repeat":"repeat","background-position":"center center","background-size":"auto","background-attachment":"scroll","background-type":"","background-media":"","overlay-type":"","overlay-color":"","overlay-opacity":"","overlay-gradient":""},"tablet":{"background-color":"","background-image":"","background-repeat":"repeat","background-position":"center center","background-size":"auto","background-attachment":"scroll","background-type":"","background-media":"","overlay-type":"","overlay-color":"","overlay-opacity":"","overlay-gradient":""},"mobile":{"background-color":"","background-image":"","background-repeat":"repeat","background-position":"center center","background-size":"auto","background-attachment":"scroll","background-type":"","background-media":"","overlay-type":"","overlay-color":"","overlay-opacity":"","overlay-gradient":""}},"ast-content-background-meta":{"desktop":{"background-color":"var(--ast-global-color-4)","background-image":"","background-repeat":"repeat","background-position":"center center","background-size":"auto","background-attachment":"scroll","background-type":"","background-media":"","overlay-type":"","overlay-color":"","overlay-opacity":"","overlay-gradient":""},"tablet":{"background-color":"var(--ast-global-color-4)","background-image":"","background-repeat":"repeat","background-position":"center center","background-size":"auto","background-attachment":"scroll","background-type":"","background-media":"","overlay-type":"","overlay-color":"","overlay-opacity":"","overlay-gradient":""},"mobile":{"background-color":"var(--ast-global-color-4)","background-image":"","background-repeat":"repeat","background-position":"center center","background-size":"auto","background-attachment":"scroll","background-type":"","background-media":"","overlay-type":"","overlay-color":"","overlay-opacity":"","overlay-gradient":""}},"footnotes":""},"class_list":["post-3249","page","type-page","status-publish","hentry"],"_links":{"self":[{"href":"https:\/\/www.zegevege.com\/index.php?rest_route=\/wp\/v2\/pages\/3249","targetHints":{"allow":["GET"]}}],"collection":[{"href":"https:\/\/www.zegevege.com\/index.php?rest_route=\/wp\/v2\/pages"}],"about":[{"href":"https:\/\/www.zegevege.com\/index.php?rest_route=\/wp\/v2\/types\/page"}],"author":[{"embeddable":true,"href":"https:\/\/www.zegevege.com\/index.php?rest_route=\/wp\/v2\/users\/1"}],"replies":[{"embeddable":true,"href":"https:\/\/www.zegevege.com\/index.php?rest_route=%2Fwp%2Fv2%2Fcomments&post=3249"}],"version-history":[{"count":9,"href":"https:\/\/www.zegevege.com\/index.php?rest_route=\/wp\/v2\/pages\/3249\/revisions"}],"predecessor-version":[{"id":4869,"href":"https:\/\/www.zegevege.com\/index.php?rest_route=\/wp\/v2\/pages\/3249\/revisions\/4869"}],"wp:attachment":[{"href":"https:\/\/www.zegevege.com\/index.php?rest_route=%2Fwp%2Fv2%2Fmedia&parent=3249"}],"curies":[{"name":"wp","href":"https:\/\/api.w.org\/{rel}","templated":true}]}}