{"id":4576,"date":"2024-07-26T13:25:42","date_gmt":"2024-07-26T13:25:42","guid":{"rendered":"http:\/\/www.zegevege.com\/?page_id=4576"},"modified":"2024-07-26T13:25:44","modified_gmt":"2024-07-26T13:25:44","slug":"program-2023","status":"publish","type":"page","link":"https:\/\/www.zegevege.com\/?page_id=4576","title":{"rendered":"Program 2023."},"content":{"rendered":"<p><!--:en--><br \/>\n[frame_center src=&#8221;<img decoding=\"async\" class=\"aligncenter size-medium wp-image-3677\" src=\"http:\/\/www.zegevege.com\/wp-content\/uploads\/2022\/09\/edukativni-razgovori-2021-scaled-e1692356346761.jpg\" alt=\"ZeGeVege radionica\">&#8220;]<span style=\"color: #367313;\">Predavanja i razgovori<\/span>[\/frame_center]<\/p>\n<p>[accordion title=&#8221;Friday September 1st 2023&#8243; close=&#8221;1&#8243;]<\/p>\n<p>17:00 \u2013 17:15 Nikolina Plenar Jeli\u010di\u0107 \u2013 Why it is not ethical to consume meat, milk and eggs<\/p>\n<p>17:30 \u2013 17:45 Dominica Fir\u0161t \u2013 Cow Queens don&#8217;t live as queens<\/p>\n<p>18:30 \u2013 18:45 Petra Boi\u0107 Petra\u010d (WWF Adria) \u2013 What can we as individuals do to reduce environmental debt?<\/p>\n<p>19:00 \u2013 19:15 Eduard Beg \u2013 Plant food &#8211; food of the future<\/p>\n<p>19:30 \u2013 19:45 Nikola Bosak (Uto\u010di\u0161te sun\u010dani bregec) \u2013 A place under the sun for everyone<\/p>\n<p>[\/accordion]<\/p>\n<p>[accordion title=&#8221;Saturday September 2nd 2023&#8243; close=&#8221;1&#8243;]<\/p>\n<p>10:00 \u2013 11:30 Socijalna zadruga Humana Nova \u2013 Textile recycling for children and parents (workshop)<\/p>\n<p>12:00 \u2013 12:15 mag. nutr. Maja Ljubas (Nutriom) \u2013 How to create healthy habits from a young age<\/p>\n<p>12:30 \u2013 12:45 Lidija Liji\u0107 (Sea Shepherd) \u2013 Let&#8217;s choose veganism to save our seas<\/p>\n<p>13:00 \u2013 13:15 dr. sc. Suzana Marjani\u0107 \u2013 About animals as research subjects in animal anthropology<\/p>\n<p>13:30 \u2013 13:45 Petra Andri\u0107 (Greenpeace) \u2013 Let&#8217;s end the plastic age!<\/p>\n<p>14:00 \u2013 14:15 dipl. ing. biol. Dubravko Dender (Biom) \u2013 Urban biodiversity and how each of us can contribute to it<\/p>\n<p>14:30 \u2013 14:45 univ. bacc. biol. Nikolina Kanjer (Cruelty Free Girl) \u2013 How to be cruelty-free in a cruel world<\/p>\n<p>15:00 \u2013 15:15 Matej Smoli\u0107 (Udruga Pobjede) \u2013 It&#8217;s great to sign up for the Super Challenge<\/p>\n<p>15:30 \u2013 15::45 Ivana Martinec i Marko Samard\u017eija (Summarum fitness) \u2013 Practical tips for a healthy and fit vegan life<\/p>\n<p>[\/accordion]<\/p>\n<h3 style=\"text-align: center;\"><span style=\"color: #000000;\">Read and download our <a href=\"http:\/\/www.zegevege.com\/wp-content\/uploads\/2023\/09\/pz-zgvg-brosura-2023_compressed.pdf\">2023 ZeGeVege festival booklet<\/a>!<\/span><\/h3>\n<p>More information on: <a href=\"https:\/\/www.facebook.com\/ZeGeVegeFestival\/?ref=bookmarks\"><span style=\"color: #367313;\">Facebook event<\/span><\/a><\/p>\n<p><!--:--><br \/>\n<!--:hr--><\/p>\n<p>[frame_center src=&#8221;<img decoding=\"async\" class=\"aligncenter size-medium wp-image-3677\" src=\"http:\/\/www.zegevege.com\/wp-content\/uploads\/2022\/09\/edukativni-razgovori-2021-scaled-e1692356346761.jpg\" alt=\"ZeGeVege radionica\">&#8220;]<span style=\"color: #367313;\">Predavanja i razgovori<\/span>[\/frame_center]<br \/>\n[accordion title=&#8221;01. 9. 2023. Petak&#8221; close=&#8221;1&#8243;]<\/p>\n<p>17:00 \u2013 17:15 Nikolina Plenar Jeli\u010di\u0107 \u2013 Za\u0161to nije eti\u010dno konzumirati meso, mlijeko i jaja<\/p>\n<p>17:30 \u2013 17:45 Dominica Fir\u0161t \u2013 Kravice ne \u017eive kao kraljice<\/p>\n<p>18:30 \u2013 18:45 Petra Boi\u0107 Petra\u010d (WWF Adria) \u2013 \u0160to sve kao pojedinci mo\u017eemo u\u010diniti da smanjimo ekolo\u0161ki dug<\/p>\n<p>19:00 \u2013 19:15 Eduard Beg \u2013 Biljna hrana \u2013 hrana budu\u0107nosti<\/p>\n<p>19:30 \u2013 19:45 Nikola Bosak (Uto\u010di\u0161te sun\u010dani bregec) \u2013 Mjesto pod suncem za sve<\/p>\n<p>[\/accordion]<\/p>\n<p>[accordion title=&#8221; 02. 9. 2023. Subota&#8221; close=&#8221;1&#8243;]<\/p>\n<p>10:00 \u2013 11:30 Socijalna zadruga Humana Nova \u2013 Recikla\u017ea tekstila za djecu i roditelje (radionica)<\/p>\n<p>12:00 \u2013 12:15 mag. nutr. Maja Ljubas (Nutriom) \u2013 Kako stvoriti zdrave navike od malih nogu<\/p>\n<p>12:30 \u2013 12:45 Lidija Liji\u0107 (Sea Shepherd) \u2013 Birajmo vegansko za spas mora<\/p>\n<p>13:00 \u2013 13:15 dr. sc. Suzana Marjani\u0107 \u2013 O \u017eivotinjama kao subjektima istra\u017eivanja u antropologiji \u017eivotinja<\/p>\n<p>13:30 \u2013 13:45 Petra Andri\u0107 (Greenpeace) \u2013 Okon\u010dajmo plasti\u010dno doba!<\/p>\n<p>14:00 \u2013 14:15 dipl. ing. biol. Dubravko Dender (Biom) \u2013 Urbana bioraznolikosti i kako svatko od nas tome mo\u017ee pridonijeti<\/p>\n<p>14:30 \u2013 14:45 univ. bacc. biol. Nikolina Kanjer (Cruelty Free Girl) \u2013 Kako biti cruelty-free u okrutnome svijetu<\/p>\n<p>15:00 \u2013 15:15 Matej Smoli\u0107 (Udruga Pobjede) \u2013 Super je prijaviti se na Super Izazov<\/p>\n<p>15:30 \u2013 15::45 Ivana Martinec i Marko Samard\u017eija (Summarum fitness) \u2013 Primjenjivi savjeti za zdrav i fit veganski \u017eivot<\/p>\n<p>[\/accordion]<\/p>\n<h3 style=\"text-align: center;\"><span style=\"color: #000000;\">Pro\u010ditajte i preuzmite <a href=\"http:\/\/www.zegevege.com\/wp-content\/uploads\/2023\/09\/pz-zgvg-brosura-2023_compressed.pdf\">bro\u0161uru ZeGeVege festivala 2023.<\/a><\/span><\/h3>\n<p><!--:--><\/p>\n","protected":false},"excerpt":{"rendered":"<p>[frame_center src=&#8221;&#8220;]Predavanja i razgovori[\/frame_center] [accordion title=&#8221;Friday September 1st 2023&#8243; close=&#8221;1&#8243;] 17:00 \u2013 17:15 Nikolina Plenar Jeli\u010di\u0107 \u2013 Why it is [&hellip;]<\/p>\n","protected":false},"author":1,"featured_media":0,"parent":0,"menu_order":0,"comment_status":"closed","ping_status":"closed","template":"","meta":{"site-sidebar-layout":"default","site-content-layout":"","ast-site-content-layout":"default","site-content-style":"default","site-sidebar-style":"default","ast-global-header-display":"","ast-banner-title-visibility":"","ast-main-header-display":"","ast-hfb-above-header-display":"","ast-hfb-below-header-display":"","ast-hfb-mobile-header-display":"","site-post-title":"","ast-breadcrumbs-content":"","ast-featured-img":"","footer-sml-layout":"","ast-disable-related-posts":"","theme-transparent-header-meta":"","adv-header-id-meta":"","stick-header-meta":"","header-above-stick-meta":"","header-main-stick-meta":"","header-below-stick-meta":"","astra-migrate-meta-layouts":"default","ast-page-background-enabled":"default","ast-page-background-meta":{"desktop":{"background-color":"var(--ast-global-color-5)","background-image":"","background-repeat":"repeat","background-position":"center center","background-size":"auto","background-attachment":"scroll","background-type":"","background-media":"","overlay-type":"","overlay-color":"","overlay-opacity":"","overlay-gradient":""},"tablet":{"background-color":"","background-image":"","background-repeat":"repeat","background-position":"center center","background-size":"auto","background-attachment":"scroll","background-type":"","background-media":"","overlay-type":"","overlay-color":"","overlay-opacity":"","overlay-gradient":""},"mobile":{"background-color":"","background-image":"","background-repeat":"repeat","background-position":"center center","background-size":"auto","background-attachment":"scroll","background-type":"","background-media":"","overlay-type":"","overlay-color":"","overlay-opacity":"","overlay-gradient":""}},"ast-content-background-meta":{"desktop":{"background-color":"var(--ast-global-color-4)","background-image":"","background-repeat":"repeat","background-position":"center center","background-size":"auto","background-attachment":"scroll","background-type":"","background-media":"","overlay-type":"","overlay-color":"","overlay-opacity":"","overlay-gradient":""},"tablet":{"background-color":"var(--ast-global-color-4)","background-image":"","background-repeat":"repeat","background-position":"center center","background-size":"auto","background-attachment":"scroll","background-type":"","background-media":"","overlay-type":"","overlay-color":"","overlay-opacity":"","overlay-gradient":""},"mobile":{"background-color":"var(--ast-global-color-4)","background-image":"","background-repeat":"repeat","background-position":"center center","background-size":"auto","background-attachment":"scroll","background-type":"","background-media":"","overlay-type":"","overlay-color":"","overlay-opacity":"","overlay-gradient":""}},"footnotes":""},"class_list":["post-4576","page","type-page","status-publish","hentry"],"_links":{"self":[{"href":"https:\/\/www.zegevege.com\/index.php?rest_route=\/wp\/v2\/pages\/4576","targetHints":{"allow":["GET"]}}],"collection":[{"href":"https:\/\/www.zegevege.com\/index.php?rest_route=\/wp\/v2\/pages"}],"about":[{"href":"https:\/\/www.zegevege.com\/index.php?rest_route=\/wp\/v2\/types\/page"}],"author":[{"embeddable":true,"href":"https:\/\/www.zegevege.com\/index.php?rest_route=\/wp\/v2\/users\/1"}],"replies":[{"embeddable":true,"href":"https:\/\/www.zegevege.com\/index.php?rest_route=%2Fwp%2Fv2%2Fcomments&post=4576"}],"version-history":[{"count":1,"href":"https:\/\/www.zegevege.com\/index.php?rest_route=\/wp\/v2\/pages\/4576\/revisions"}],"predecessor-version":[{"id":4577,"href":"https:\/\/www.zegevege.com\/index.php?rest_route=\/wp\/v2\/pages\/4576\/revisions\/4577"}],"wp:attachment":[{"href":"https:\/\/www.zegevege.com\/index.php?rest_route=%2Fwp%2Fv2%2Fmedia&parent=4576"}],"curies":[{"name":"wp","href":"https:\/\/api.w.org\/{rel}","templated":true}]}}